{"id":30067,"date":"2025-01-03T17:07:02","date_gmt":"2025-01-03T16:07:02","guid":{"rendered":"https:\/\/www.justcolor.net\/criancas\/lisa-frank\/"},"modified":"2025-01-03T17:28:25","modified_gmt":"2025-01-03T16:28:25","slug":"lisa-frank","status":"publish","type":"page","link":"https:\/\/www.justcolor.net\/criancas\/trabalhos-de-arte\/lisa-frank\/","title":{"rendered":"Lisa Frank"},"content":{"rendered":"<p>no images were found<\/p>\n\n","protected":false},"excerpt":{"rendered":"<p><b>Lisa Frank Inc.<\/b>, fundada em 1979 por Lisa Frank, \u00e9 uma empresa privada especializada em designs coloridos, principalmente em materiais escolares e adesivos. Ap\u00f3s estudar arte na Universidade do Arizona, Lisa Frank lan\u00e7ou uma linha de joias de pl\u00e1stico chamada Sticky Fingers, que a inspirou a criar adesivos coloridos. Estes, com seus personagens originais, impulsionaram a marca. Em 1987, a empresa expandiu sua oferta para materiais escolares, tornando-se extremamente popular gra\u00e7as a personagens ic\u00f4nicos como Panda Painter e ao slogan &#8220;You Gotta Have It.&#8221;<\/p>\n","protected":false},"author":1,"featured_media":0,"parent":2442,"menu_order":0,"comment_status":"closed","ping_status":"closed","template":"","meta":{"ngg_post_thumbnail":0,"footnotes":""},"tags":[993],"class_list":{"0":"post-30067","1":"page","2":"type-page","3":"status-publish","5":"tag-gallery"},"_links":{"self":[{"href":"https:\/\/www.justcolor.net\/criancas\/wp-json\/wp\/v2\/pages\/30067","targetHints":{"allow":["GET"]}}],"collection":[{"href":"https:\/\/www.justcolor.net\/criancas\/wp-json\/wp\/v2\/pages"}],"about":[{"href":"https:\/\/www.justcolor.net\/criancas\/wp-json\/wp\/v2\/types\/page"}],"author":[{"embeddable":true,"href":"https:\/\/www.justcolor.net\/criancas\/wp-json\/wp\/v2\/users\/1"}],"replies":[{"embeddable":true,"href":"https:\/\/www.justcolor.net\/criancas\/wp-json\/wp\/v2\/comments?post=30067"}],"version-history":[{"count":0,"href":"https:\/\/www.justcolor.net\/criancas\/wp-json\/wp\/v2\/pages\/30067\/revisions"}],"up":[{"embeddable":true,"href":"https:\/\/www.justcolor.net\/criancas\/wp-json\/wp\/v2\/pages\/2442"}],"wp:attachment":[{"href":"https:\/\/www.justcolor.net\/criancas\/wp-json\/wp\/v2\/media?parent=30067"}],"wp:term":[{"taxonomy":"post_tag","embeddable":true,"href":"https:\/\/www.justcolor.net\/criancas\/wp-json\/wp\/v2\/tags?post=30067"}],"curies":[{"name":"wp","href":"https:\/\/api.w.org\/{rel}","templated":true}]}}