{"id":523,"date":"2013-10-16T12:32:38","date_gmt":"2013-10-16T11:32:38","guid":{"rendered":"https:\/\/www.justcolor.net\/criancas\/?page_id=523"},"modified":"2013-10-16T12:32:38","modified_gmt":"2013-10-16T11:32:38","slug":"titeuf","status":"publish","type":"page","link":"https:\/\/www.justcolor.net\/criancas\/livros-e-quadrinhos\/titeuf\/","title":{"rendered":"Titeuf"},"content":{"rendered":"<div>Les coloriages de cette rubrique ont \u00e9t\u00e9 retir\u00e9s suite \u00e0 probl\u00e8mes de copyright.<\/p>\n<div>Nous vous invitons \u00e0 d\u00e9couvrir les autres rubriques du site, dans lesquelles vous trouverez certainement votre bonheur.<\/div>\n<div><span style=\"color: #ffffff\">.<\/span><\/div>\n<\/div>\n<h2>TOP 10 des galeries de coloriage les plus visit\u00e9es<\/h2>\n<p><p>Invalid Displayed Gallery<\/p><\/p>\n","protected":false},"excerpt":{"rendered":"<p>Titeuf \u00e9 uma s\u00e9rie que conta a vida quotidiana de um rapaz de 8-10 anos de idade com uma faixa loira. Ele e os seus amigos falam sobre a sua vis\u00e3o do mundo adulto e especialmente sobre os mist\u00e9rios das raparigas.<\/p>\n","protected":false},"author":1,"featured_media":0,"parent":988,"menu_order":0,"comment_status":"closed","ping_status":"closed","template":"","meta":{"ngg_post_thumbnail":0,"footnotes":""},"tags":[993],"class_list":{"0":"post-523","1":"page","2":"type-page","3":"status-publish","5":"tag-gallery"},"_links":{"self":[{"href":"https:\/\/www.justcolor.net\/criancas\/wp-json\/wp\/v2\/pages\/523","targetHints":{"allow":["GET"]}}],"collection":[{"href":"https:\/\/www.justcolor.net\/criancas\/wp-json\/wp\/v2\/pages"}],"about":[{"href":"https:\/\/www.justcolor.net\/criancas\/wp-json\/wp\/v2\/types\/page"}],"author":[{"embeddable":true,"href":"https:\/\/www.justcolor.net\/criancas\/wp-json\/wp\/v2\/users\/1"}],"replies":[{"embeddable":true,"href":"https:\/\/www.justcolor.net\/criancas\/wp-json\/wp\/v2\/comments?post=523"}],"version-history":[{"count":0,"href":"https:\/\/www.justcolor.net\/criancas\/wp-json\/wp\/v2\/pages\/523\/revisions"}],"up":[{"embeddable":true,"href":"https:\/\/www.justcolor.net\/criancas\/wp-json\/wp\/v2\/pages\/988"}],"wp:attachment":[{"href":"https:\/\/www.justcolor.net\/criancas\/wp-json\/wp\/v2\/media?parent=523"}],"wp:term":[{"taxonomy":"post_tag","embeddable":true,"href":"https:\/\/www.justcolor.net\/criancas\/wp-json\/wp\/v2\/tags?post=523"}],"curies":[{"name":"wp","href":"https:\/\/api.w.org\/{rel}","templated":true}]}}