{"id":1001,"date":"2013-10-25T13:15:50","date_gmt":"2013-10-25T12:15:50","guid":{"rendered":"https:\/\/www.coloriages-pour-enfants.net\/?page_id=1001"},"modified":"2025-04-07T18:23:46","modified_gmt":"2025-04-07T16:23:46","slug":"animation","status":"publish","type":"page","link":"https:\/\/www.justcolor.net\/enfants\/animation\/","title":{"rendered":"Dessins anim\u00e9s, Animation et Films"},"content":{"rendered":"\n<p>Choisissez votre cat\u00e9gorie :<\/p>\n\n\n\n<h2 class=\"wp-block-heading\"><a href=\"\/enfants\/animation\/coloriages-disney-dessins-animes\/\"><strong>Dessins anim\u00e9s classiques de Disney<\/strong><\/a><\/h2>\n\n\n\n<p><span style=\"color: #808080\">Les grands classiques du 20e si\u00e8cle : Cendrillon, Blanche neige, 101 Dalmatiens, etc&#8230;<\/span><\/p>\n\n\n\n<p><\/p>\n\n\n\n<h2 class=\"wp-block-heading\"><a href=\"\/enfants\/dessins-animes-films-animation-disney-pixar-dreamworks\/coloriages-films-animations-disney-pixar\/\"><strong>Films d&rsquo;animation Disney \/ Pixar<\/strong><\/a><\/h2>\n\n\n\n<p><span style=\"color: #808080\">(Toy Story, Monstres et compagnie, Ratatouille, Wall-E, Rebelle, Raiponce, etc &#8230;)<\/span><\/p>\n\n\n\n<p><\/p>\n\n\n\n<h2 class=\"wp-block-heading\"><a href=\"\/enfants\/dessins-animes-films-animation-disney-pixar-dreamworks\/coloriages-films-animation-dreamworks\/\"><strong>Films d&rsquo;animation Dreamworks et autres<\/strong><\/a><\/h2>\n\n\n\n<p><span style=\"color: #808080\">(Shrek, Madagascar, Moi moche et m\u00e9chant, etc&#8230;)<\/span><\/p>\n\n\n\n<p><\/p>\n\n\n\n<h2 class=\"wp-block-heading\"><a href=\"\/enfants\/animation\/coloriages-films\/\"><strong>Films classiques<\/strong><\/a><\/h2>\n\n\n\n<p><span style=\"color: #808080\">(Star Wars, Arthur &#8230;)<\/span><\/p>\n","protected":false},"excerpt":{"rendered":"<p>Retrouvez dans cette grande rubrique des <b>coloriages de Dessins anim\u00e9s et Films d&rsquo;animation<\/b> de Disney \/ Pixar, Dreamworks, et autres studios.<br \/>\nTous les grands classiques, ainsi que les derniers succ\u00e8s sortis au cin\u00e9ma sont l\u00e0, avec des images de qualit\u00e9 \u00e0 imprimer et colorier gratuitement.<\/p>\n<p>Retrouvez \u00e9galement des images de <b>Films \u00e0 imprimer et colorier<\/b>, notamment des grands classiques comme Star Wars, Le seigneur des anneaux, etc &#8230;<\/p>\n","protected":false},"author":1,"featured_media":0,"parent":0,"menu_order":0,"comment_status":"closed","ping_status":"closed","template":"","meta":{"ngg_post_thumbnail":0,"footnotes":""},"tags":[141,188,196,207,244,245],"class_list":{"0":"post-1001","1":"page","2":"type-page","3":"status-publish","5":"tag-cinema","6":"tag-dessins-animes","7":"tag-disney","8":"tag-dreamworks","9":"tag-films","10":"tag-films-danimation"},"_links":{"self":[{"href":"https:\/\/www.justcolor.net\/enfants\/wp-json\/wp\/v2\/pages\/1001","targetHints":{"allow":["GET"]}}],"collection":[{"href":"https:\/\/www.justcolor.net\/enfants\/wp-json\/wp\/v2\/pages"}],"about":[{"href":"https:\/\/www.justcolor.net\/enfants\/wp-json\/wp\/v2\/types\/page"}],"author":[{"embeddable":true,"href":"https:\/\/www.justcolor.net\/enfants\/wp-json\/wp\/v2\/users\/1"}],"replies":[{"embeddable":true,"href":"https:\/\/www.justcolor.net\/enfants\/wp-json\/wp\/v2\/comments?post=1001"}],"version-history":[{"count":0,"href":"https:\/\/www.justcolor.net\/enfants\/wp-json\/wp\/v2\/pages\/1001\/revisions"}],"wp:attachment":[{"href":"https:\/\/www.justcolor.net\/enfants\/wp-json\/wp\/v2\/media?parent=1001"}],"wp:term":[{"taxonomy":"post_tag","embeddable":true,"href":"https:\/\/www.justcolor.net\/enfants\/wp-json\/wp\/v2\/tags?post=1001"}],"curies":[{"name":"wp","href":"https:\/\/api.w.org\/{rel}","templated":true}]}}