{"id":12933,"date":"2019-06-17T13:39:37","date_gmt":"2019-06-17T11:39:37","guid":{"rendered":"https:\/\/www.coloriages-pour-enfants.net\/?page_id=12933"},"modified":"2024-10-26T13:11:56","modified_gmt":"2024-10-26T11:11:56","slug":"anime-et-mangas","status":"publish","type":"page","link":"https:\/\/www.justcolor.net\/enfants\/anime-et-mangas\/","title":{"rendered":"Personnages d&rsquo;Anim\u00e9s et de Mangas"},"content":{"rendered":"<div class=\"gallery-grid\">\n    <div class=\"gallery-grid-item\">\n        <div class=\"ngg-album-link\">\n            <a class=\"gallery_link\" href=\"https:\/\/www.justcolor.net\/enfants\/anime-et-mangas\/bakugan\/\" title=\"Coloriages de Bakugan \u00e0 imprimer pour enfants\">\n                <img class=\"Thumb\"\n                     alt=\"Coloriages de Bakugan \u00e0 imprimer pour enfants\"\n                     src=\"https:\/\/www.justcolor.net\/enfants\/wp-content\/uploads\/sites\/11\/nggallery\/bakugan\/cache\/coloriage_bakugan-1.gif-nggid041999-ngg0dyn-182x136-00f0w010c011r110f110r010t010.gif\"\n                     loading=\"lazy\"\n                     width=\"250\"\n                     height=\"150\" \/>\n            <\/a>\n        <\/div>\n        <h2 class=\"gallery-grid-album-lig1\">\n            <a class=\"ngg-album-desc\"\n               title=\"Coloriages de Bakugan \u00e0 imprimer\"\n               href=\"https:\/\/www.justcolor.net\/enfants\/anime-et-mangas\/bakugan\/\">\n                Bakugan            <\/a>\n        <\/h2>\n    <\/div>\n    <div class=\"gallery-grid-item\">\n        <div class=\"ngg-album-link\">\n            <a class=\"gallery_link\" href=\"https:\/\/www.justcolor.net\/enfants\/anime-et-mangas\/coloriage-mangas\/\" title=\"Coloriages de Divers Animes et Mangas \u00e0 imprimer pour enfants\">\n                <img class=\"Thumb\"\n                     alt=\"Coloriages de Divers Animes et Mangas \u00e0 imprimer pour enfants\"\n                     src=\"https:\/\/www.justcolor.net\/enfants\/wp-content\/uploads\/sites\/11\/nggallery\/manga\/cache\/coloraige-manga-krissy-ange-ailes.jpg-nggid045711-ngg0dyn-182x136-00f0w010c011r110f110r010t010.jpg\"\n                     loading=\"lazy\"\n                     width=\"250\"\n                     height=\"150\" \/>\n            <\/a>\n        <\/div>\n        <h2 class=\"gallery-grid-album-lig1\">\n            <a class=\"ngg-album-desc\"\n               title=\"Coloriages de Divers Animes et Mangas \u00e0 imprimer\"\n               href=\"https:\/\/www.justcolor.net\/enfants\/anime-et-mangas\/coloriage-mangas\/\">\n                Divers Animes et Mangas            <\/a>\n        <\/h2>\n    <\/div>\n    <div class=\"gallery-grid-item\">\n        <div class=\"ngg-album-link\">\n            <a class=\"gallery_link\" href=\"https:\/\/www.justcolor.net\/enfants\/anime-et-mangas\/fairy-tail\/\" title=\"Coloriages de Fairy tail \u00e0 imprimer pour enfants\">\n                <img class=\"Thumb\"\n                     alt=\"Coloriages de Fairy tail \u00e0 imprimer pour enfants\"\n                     src=\"https:\/\/www.justcolor.net\/enfants\/wp-content\/uploads\/sites\/11\/nggallery\/fairy-tail\/cache\/coloriage-enfant-fairy-tale-2.jpg-nggid047496-ngg0dyn-182x136-00f0w010c011r110f110r010t010.jpg\"\n                     loading=\"lazy\"\n                     width=\"250\"\n                     height=\"150\" \/>\n            <\/a>\n        <\/div>\n        <h2 class=\"gallery-grid-album-lig1\">\n            <a class=\"ngg-album-desc\"\n               title=\"Coloriages de Fairy tail \u00e0 imprimer\"\n               href=\"https:\/\/www.justcolor.net\/enfants\/anime-et-mangas\/fairy-tail\/\">\n                Fairy tail            <\/a>\n        <\/h2>\n    <\/div>\n    <div class=\"gallery-grid-item\">\n        <div class=\"ngg-album-link\">\n            <a class=\"gallery_link\" href=\"https:\/\/www.justcolor.net\/enfants\/anime-et-mangas\/full-metal-alchemist\/\" title=\"Coloriages de Full Metal Alchemist \u00e0 imprimer pour enfants\">\n                <img class=\"Thumb\"\n                     alt=\"Coloriages de Full Metal Alchemist \u00e0 imprimer pour enfants\"\n                     src=\"https:\/\/www.justcolor.net\/enfants\/wp-content\/uploads\/sites\/11\/nggallery\/full-metal-alchemist\/cache\/coloriage-enfant-full-metal-alchemist-1.jpg-nggid047484-ngg0dyn-182x136-00f0w010c011r110f110r010t010.jpg\"\n                     loading=\"lazy\"\n                     width=\"250\"\n                     height=\"150\" \/>\n            <\/a>\n        <\/div>\n        <h2 class=\"gallery-grid-album-lig1\">\n            <a class=\"ngg-album-desc\"\n               title=\"Coloriages de Full Metal Alchemist \u00e0 imprimer\"\n               href=\"https:\/\/www.justcolor.net\/enfants\/anime-et-mangas\/full-metal-alchemist\/\">\n                Full Metal Alchemist            <\/a>\n        <\/h2>\n    <\/div>\n    <div class=\"gallery-grid-item\">\n        <div class=\"ngg-album-link\">\n            <a class=\"gallery_link\" href=\"https:\/\/www.justcolor.net\/enfants\/anime-et-mangas\/chevaliers-du-zodiaque\/\" title=\"Coloriages de Les Chevaliers du Zodiaque \u00e0 imprimer pour enfants\">\n                <img class=\"Thumb\"\n                     alt=\"Coloriages de Les Chevaliers du Zodiaque \u00e0 imprimer pour enfants\"\n                     src=\"https:\/\/www.justcolor.net\/enfants\/wp-content\/uploads\/sites\/11\/nggallery\/saint-seiya\/cache\/coloriage-saint-seiya-00008.jpg-nggid048806-ngg0dyn-182x136-00f0w010c011r110f110r010t010.jpg\"\n                     loading=\"lazy\"\n                     width=\"250\"\n                     height=\"150\" \/>\n            <\/a>\n        <\/div>\n        <h2 class=\"gallery-grid-album-lig1\">\n            <a class=\"ngg-album-desc\"\n               title=\"Coloriages de Les Chevaliers du Zodiaque \u00e0 imprimer\"\n               href=\"https:\/\/www.justcolor.net\/enfants\/anime-et-mangas\/chevaliers-du-zodiaque\/\">\n                Les Chevaliers du Zodiaque            <\/a>\n        <\/h2>\n    <\/div>\n    <div class=\"gallery-grid-item\">\n        <div class=\"ngg-album-link\">\n            <a class=\"gallery_link\" href=\"https:\/\/www.justcolor.net\/enfants\/anime-et-mangas\/l-attaque-des-titans\/\" title=\"Coloriages de L\u2019attaque des titans \u00e0 imprimer pour enfants\">\n                <img class=\"Thumb\"\n                     alt=\"Coloriages de L\u2019attaque des titans \u00e0 imprimer pour enfants\"\n                     src=\"https:\/\/www.justcolor.net\/enfants\/wp-content\/uploads\/sites\/11\/nggallery\/lattaque-des-titans\/cache\/coloriage-enfant-attaque-des-titans-1.png-nggid047490-ngg0dyn-182x136-00f0w010c011r110f110r010t010.png\"\n                     loading=\"lazy\"\n                     width=\"250\"\n                     height=\"150\" \/>\n            <\/a>\n        <\/div>\n        <h2 class=\"gallery-grid-album-lig1\">\n            <a class=\"ngg-album-desc\"\n               title=\"Coloriages de L\u2019attaque des titans \u00e0 imprimer\"\n               href=\"https:\/\/www.justcolor.net\/enfants\/anime-et-mangas\/l-attaque-des-titans\/\">\n                L\u2019attaque des titans            <\/a>\n        <\/h2>\n    <\/div>\n    <div class=\"gallery-grid-item\">\n        <div class=\"ngg-album-link\">\n            <a class=\"gallery_link\" href=\"https:\/\/www.justcolor.net\/enfants\/anime-et-mangas\/my-hero-academy\/\" title=\"Coloriages de My Hero Academy \u00e0 imprimer pour enfants\">\n                <img class=\"Thumb\"\n                     alt=\"Coloriages de My Hero Academy \u00e0 imprimer pour enfants\"\n                     src=\"https:\/\/www.justcolor.net\/enfants\/wp-content\/uploads\/sites\/11\/nggallery\/my-hero-academy\/cache\/coloriage-my-hero-academy-6.jpeg-nggid0510893-ngg0dyn-182x136-00f0w010c011r110f110r010t010.jpeg\"\n                     loading=\"lazy\"\n                     width=\"250\"\n                     height=\"150\" \/>\n            <\/a>\n        <\/div>\n        <h2 class=\"gallery-grid-album-lig1\">\n            <a class=\"ngg-album-desc\"\n               title=\"Coloriages de My Hero Academy \u00e0 imprimer\"\n               href=\"https:\/\/www.justcolor.net\/enfants\/anime-et-mangas\/my-hero-academy\/\">\n                My Hero Academy            <\/a>\n        <\/h2>\n    <\/div>\n    <div class=\"gallery-grid-item\">\n        <div class=\"ngg-album-link\">\n            <a class=\"gallery_link\" href=\"https:\/\/www.justcolor.net\/enfants\/anime-et-mangas\/coloriages-pokemon\/\" title=\"Coloriages de Pokemon \u00e0 imprimer pour enfants\">\n                <img class=\"Thumb\"\n                     alt=\"Coloriages de Pokemon \u00e0 imprimer pour enfants\"\n                     src=\"https:\/\/www.justcolor.net\/enfants\/wp-content\/uploads\/sites\/11\/nggallery\/pokemon\/cache\/coloriage-pokemon-traits-epais.jpg-nggid045796-ngg0dyn-182x136-00f0w010c011r110f110r010t010.jpg\"\n                     loading=\"lazy\"\n                     width=\"250\"\n                     height=\"150\" \/>\n            <\/a>\n        <\/div>\n        <h2 class=\"gallery-grid-album-lig1\">\n            <a class=\"ngg-album-desc\"\n               title=\"Coloriages de Pokemon \u00e0 imprimer\"\n               href=\"https:\/\/www.justcolor.net\/enfants\/anime-et-mangas\/coloriages-pokemon\/\">\n                Pokemon            <\/a>\n        <\/h2>\n    <\/div>\n    <div class=\"gallery-grid-item\">\n        <div class=\"ngg-album-link\">\n            <a class=\"gallery_link\" href=\"https:\/\/www.justcolor.net\/enfants\/anime-et-mangas\/coloriage-studio-ghibli\/\" title=\"Coloriages de Studio Ghibli \u00e0 imprimer pour enfants\">\n                <img class=\"Thumb\"\n                     alt=\"Coloriages de Studio Ghibli \u00e0 imprimer pour enfants\"\n                     src=\"https:\/\/www.justcolor.net\/enfants\/wp-content\/uploads\/sites\/11\/nggallery\/studio-ghibli\/cache\/coloriage-enfant-studio-ghibli-princess-mononoke.jpg-nggid048819-ngg0dyn-182x136-00f0w010c011r110f110r010t010.jpg\"\n                     loading=\"lazy\"\n                     width=\"250\"\n                     height=\"150\" \/>\n            <\/a>\n        <\/div>\n        <h2 class=\"gallery-grid-album-lig1\">\n            <a class=\"ngg-album-desc\"\n               title=\"Coloriages de Studio Ghibli \u00e0 imprimer\"\n               href=\"https:\/\/www.justcolor.net\/enfants\/anime-et-mangas\/coloriage-studio-ghibli\/\">\n                Studio Ghibli            <\/a>\n        <\/h2>\n    <\/div>\n<br class=\"ngg-clear\"\/>\n<div class='ngg-clear'><\/div><\/div>\n\n\n\n\n","protected":false},"excerpt":{"rendered":"<p>D\u00e9couvrez notre collection de <b>coloriages imprimables Anime et Manga<\/b> ! Des s\u00e9ries embl\u00e9matiques comme <b>Dragon Ball<\/b>, <b>Naruto<\/b> et <b>One Piece<\/b> \u00e0 l&rsquo;intrigue sombre de <b>Death Note<\/b> et aux batailles \u00e9piques de <b>Demon Slayer<\/b>, vous trouverez tous vos personnages pr\u00e9f\u00e9r\u00e9s pr\u00eats \u00e0 prendre vie gr\u00e2ce \u00e0 votre cr\u00e9ativit\u00e9.<\/p>\n<p>Le manga, forme unique de bande dessin\u00e9e japonaise, a une histoire fascinante qui remonte \u00e0 plusieurs si\u00e8cles, mais sa forme moderne a pris son essor apr\u00e8s la Seconde Guerre mondiale. Connu pour son style artistique distinctif, le manga pr\u00e9sente souvent des expressions exag\u00e9r\u00e9es, des arri\u00e8re-plans d\u00e9taill\u00e9s et un fort accent sur la narration. Chaque page est m\u00e9ticuleusement con\u00e7ue pour guider le lecteur \u00e0 travers une exp\u00e9rience visuelle dynamique qui transmet des \u00e9motions et une action intenses.<\/p>\n<p>L\u2019anime, qui fait r\u00e9f\u00e9rence aux \u0153uvres d\u2019animation japonaises, est \u00e9galement devenu un ph\u00e9nom\u00e8ne culturel mondial. Des s\u00e9ries embl\u00e9matiques comme <b>Pok\u00e9mon<\/b> ont conquis le c\u0153ur des enfants et des adultes, tandis que les films magnifiquement con\u00e7us du <b>Studio Ghibli<\/b> ont re\u00e7u une renomm\u00e9e internationale pour leur narration et leur animation \u00e9poustouflante. Ces \u0153uvres adaptent souvent des histoires de manga ou introduisent des r\u00e9cits enti\u00e8rement nouveaux, ajoutant de la profondeur et du mouvement aux personnages bien-aim\u00e9s.<\/p>\n<p>Que vous aimiez les aventures surnaturelles de <b>Fairy Tail<\/b>, les qu\u00eates alchimiques de <b>Full Metal Alchemist<\/b> ou les duels palpitants de <b>Yu-Gi-Oh!<\/b>, notre collection de <b>coloriages imprimables<\/b> a quelque chose pour tous les passionn\u00e9s de manga et d&rsquo;anime. Explorez les batailles h\u00e9ro\u00efques de <b>One Punch Man<\/b>, l&rsquo;excitation du football d&rsquo;<b>Inazuma Eleven<\/b> ou les qu\u00eates l\u00e9gendaires des <b>Chevaliers du Zodiaque<\/b>.<\/p>\n","protected":false},"author":1,"featured_media":0,"parent":0,"menu_order":0,"comment_status":"closed","ping_status":"closed","template":"","meta":{"ngg_post_thumbnail":0,"footnotes":""},"tags":[3423],"class_list":{"0":"post-12933","1":"page","2":"type-page","3":"status-publish","5":"tag-supergallery"},"_links":{"self":[{"href":"https:\/\/www.justcolor.net\/enfants\/wp-json\/wp\/v2\/pages\/12933","targetHints":{"allow":["GET"]}}],"collection":[{"href":"https:\/\/www.justcolor.net\/enfants\/wp-json\/wp\/v2\/pages"}],"about":[{"href":"https:\/\/www.justcolor.net\/enfants\/wp-json\/wp\/v2\/types\/page"}],"author":[{"embeddable":true,"href":"https:\/\/www.justcolor.net\/enfants\/wp-json\/wp\/v2\/users\/1"}],"replies":[{"embeddable":true,"href":"https:\/\/www.justcolor.net\/enfants\/wp-json\/wp\/v2\/comments?post=12933"}],"version-history":[{"count":0,"href":"https:\/\/www.justcolor.net\/enfants\/wp-json\/wp\/v2\/pages\/12933\/revisions"}],"wp:attachment":[{"href":"https:\/\/www.justcolor.net\/enfants\/wp-json\/wp\/v2\/media?parent=12933"}],"wp:term":[{"taxonomy":"post_tag","embeddable":true,"href":"https:\/\/www.justcolor.net\/enfants\/wp-json\/wp\/v2\/tags?post=12933"}],"curies":[{"name":"wp","href":"https:\/\/api.w.org\/{rel}","templated":true}]}}