{"id":31307,"date":"2025-05-02T09:45:59","date_gmt":"2025-05-02T07:45:59","guid":{"rendered":"https:\/\/www.justcolor.net\/enfants\/lisa-frank\/"},"modified":"2025-05-02T09:48:40","modified_gmt":"2025-05-02T07:48:40","slug":"lisa-frank","status":"publish","type":"page","link":"https:\/\/www.justcolor.net\/enfants\/thematiques\/lisa-frank\/","title":{"rendered":"Lisa Frank"},"content":{"rendered":"<p>no images were found<\/p>\n\n","protected":false},"excerpt":{"rendered":"<p>Depuis les ann\u00e9es 1980, <STRONG>Lisa Frank<\/STRONG> est synonyme d&rsquo;un univers color\u00e9 et fantaisiste qui a marqu\u00e9 l&rsquo;enfance de nombreux passionn\u00e9s de papeterie. L&rsquo;esth\u00e9tique vibrante et joyeuse de <STRONG>Lisa Frank<\/STRONG> se retrouve dans une gamme de produits allant des autocollants aux fournitures scolaires.<br \/>\nAujourd&rsquo;hui encore, l&#8217;empreinte de <STRONG>Lisa Frank<\/STRONG> continue d&rsquo;inspirer un sentiment de nostalgie et de cr\u00e9ativit\u00e9.<\/p>\n","protected":false},"author":1,"featured_media":0,"parent":66,"menu_order":0,"comment_status":"closed","ping_status":"closed","template":"","meta":{"ngg_post_thumbnail":0,"footnotes":""},"tags":[993],"class_list":{"0":"post-31307","1":"page","2":"type-page","3":"status-publish","5":"tag-gallery"},"_links":{"self":[{"href":"https:\/\/www.justcolor.net\/enfants\/wp-json\/wp\/v2\/pages\/31307","targetHints":{"allow":["GET"]}}],"collection":[{"href":"https:\/\/www.justcolor.net\/enfants\/wp-json\/wp\/v2\/pages"}],"about":[{"href":"https:\/\/www.justcolor.net\/enfants\/wp-json\/wp\/v2\/types\/page"}],"author":[{"embeddable":true,"href":"https:\/\/www.justcolor.net\/enfants\/wp-json\/wp\/v2\/users\/1"}],"replies":[{"embeddable":true,"href":"https:\/\/www.justcolor.net\/enfants\/wp-json\/wp\/v2\/comments?post=31307"}],"version-history":[{"count":1,"href":"https:\/\/www.justcolor.net\/enfants\/wp-json\/wp\/v2\/pages\/31307\/revisions"}],"predecessor-version":[{"id":31310,"href":"https:\/\/www.justcolor.net\/enfants\/wp-json\/wp\/v2\/pages\/31307\/revisions\/31310"}],"up":[{"embeddable":true,"href":"https:\/\/www.justcolor.net\/enfants\/wp-json\/wp\/v2\/pages\/66"}],"wp:attachment":[{"href":"https:\/\/www.justcolor.net\/enfants\/wp-json\/wp\/v2\/media?parent=31307"}],"wp:term":[{"taxonomy":"post_tag","embeddable":true,"href":"https:\/\/www.justcolor.net\/enfants\/wp-json\/wp\/v2\/tags?post=31307"}],"curies":[{"name":"wp","href":"https:\/\/api.w.org\/{rel}","templated":true}]}}