{"id":3191,"date":"2015-10-15T14:03:50","date_gmt":"2015-10-15T12:03:50","guid":{"rendered":"https:\/\/www.coloriages-pour-enfants.net\/?page_id=3191"},"modified":"2018-03-22T09:47:51","modified_gmt":"2018-03-22T08:47:51","slug":"coloriage-louane","status":"publish","type":"page","link":"https:\/\/www.justcolor.net\/enfants\/thematiques\/coloriage-louane\/","title":{"rendered":"Louane"},"content":{"rendered":"<p>no images were found<\/p>\n\n","protected":false},"excerpt":{"rendered":"<p>Voici des <b>Coloriages de Louane Emera<\/b>. Depuis son passage \u00e0 The Voice en 2013, elle a fait beaucoup de chemin, et d\u00e9montr\u00e9 l&rsquo;\u00e9tendue de ses talents.<\/p>\n<p><b>Louane Chanteuse<\/b> : un premier album \u00e9coul\u00e9 \u00e0 300 000 exemplaires : <b>Chambre 12<\/b>, avec des Hits tels que Avenir, Jour 1. Des concerts \u00e0 guichet ferm\u00e9s \u00e0 travers toute la France !<\/p>\n<p><b>Louane Actrice<\/b> : un C\u00e9sar du Meilleur espoir f\u00e9minin 2015 pour son r\u00f4le de jeune fille dans une famille d&rsquo;agriculteurs malentendants : <b>\u00ab\u00a0La Famille B\u00e9lier\u00a0\u00bb<\/b>. Quand m\u00eame 7,5 Millions d&rsquo;ent\u00e9es pour ce film !<\/p>\n","protected":false},"author":1,"featured_media":0,"parent":66,"menu_order":0,"comment_status":"closed","ping_status":"closed","template":"","meta":{"ngg_post_thumbnail":0,"footnotes":""},"tags":[17,121,993],"class_list":{"0":"post-3191","1":"page","2":"type-page","3":"status-publish","5":"tag-actrice","6":"tag-chanteuse","7":"tag-gallery"},"_links":{"self":[{"href":"https:\/\/www.justcolor.net\/enfants\/wp-json\/wp\/v2\/pages\/3191","targetHints":{"allow":["GET"]}}],"collection":[{"href":"https:\/\/www.justcolor.net\/enfants\/wp-json\/wp\/v2\/pages"}],"about":[{"href":"https:\/\/www.justcolor.net\/enfants\/wp-json\/wp\/v2\/types\/page"}],"author":[{"embeddable":true,"href":"https:\/\/www.justcolor.net\/enfants\/wp-json\/wp\/v2\/users\/1"}],"replies":[{"embeddable":true,"href":"https:\/\/www.justcolor.net\/enfants\/wp-json\/wp\/v2\/comments?post=3191"}],"version-history":[{"count":0,"href":"https:\/\/www.justcolor.net\/enfants\/wp-json\/wp\/v2\/pages\/3191\/revisions"}],"up":[{"embeddable":true,"href":"https:\/\/www.justcolor.net\/enfants\/wp-json\/wp\/v2\/pages\/66"}],"wp:attachment":[{"href":"https:\/\/www.justcolor.net\/enfants\/wp-json\/wp\/v2\/media?parent=3191"}],"wp:term":[{"taxonomy":"post_tag","embeddable":true,"href":"https:\/\/www.justcolor.net\/enfants\/wp-json\/wp\/v2\/tags?post=3191"}],"curies":[{"name":"wp","href":"https:\/\/api.w.org\/{rel}","templated":true}]}}