{"id":30062,"date":"2025-01-03T17:06:15","date_gmt":"2025-01-03T16:06:15","guid":{"rendered":"https:\/\/www.justcolor.net\/kinder\/molang\/"},"modified":"2025-01-03T17:26:01","modified_gmt":"2025-01-03T16:26:01","slug":"molang","status":"publish","type":"page","link":"https:\/\/www.justcolor.net\/kinder\/tv-charaktere\/molang\/","title":{"rendered":"Molang"},"content":{"rendered":"<p>no images were found<\/p>\n\n","protected":false},"excerpt":{"rendered":"<p><b>Molang<\/b> ist ein liebenswerter und anh\u00e4nglicher Charakter, der es geschafft hat, das Herz vieler Fans auf der ganzen Welt zu erobern. Dieser kleine wei\u00dfe Hase, begleitet von seinem Freund Piu Piu, ist der Held einer animierten Serie in franz\u00f6sischer Sprache, die Werte wie Freundschaft, Freundlichkeit und Hilfsbereitschaft hervorhebt.<\/p>\n","protected":false},"author":1,"featured_media":0,"parent":61,"menu_order":0,"comment_status":"closed","ping_status":"closed","template":"","meta":{"ngg_post_thumbnail":0,"footnotes":""},"tags":[993],"class_list":{"0":"post-30062","1":"page","2":"type-page","3":"status-publish","5":"tag-gallery"},"_links":{"self":[{"href":"https:\/\/www.justcolor.net\/kinder\/wp-json\/wp\/v2\/pages\/30062","targetHints":{"allow":["GET"]}}],"collection":[{"href":"https:\/\/www.justcolor.net\/kinder\/wp-json\/wp\/v2\/pages"}],"about":[{"href":"https:\/\/www.justcolor.net\/kinder\/wp-json\/wp\/v2\/types\/page"}],"author":[{"embeddable":true,"href":"https:\/\/www.justcolor.net\/kinder\/wp-json\/wp\/v2\/users\/1"}],"replies":[{"embeddable":true,"href":"https:\/\/www.justcolor.net\/kinder\/wp-json\/wp\/v2\/comments?post=30062"}],"version-history":[{"count":0,"href":"https:\/\/www.justcolor.net\/kinder\/wp-json\/wp\/v2\/pages\/30062\/revisions"}],"up":[{"embeddable":true,"href":"https:\/\/www.justcolor.net\/kinder\/wp-json\/wp\/v2\/pages\/61"}],"wp:attachment":[{"href":"https:\/\/www.justcolor.net\/kinder\/wp-json\/wp\/v2\/media?parent=30062"}],"wp:term":[{"taxonomy":"post_tag","embeddable":true,"href":"https:\/\/www.justcolor.net\/kinder\/wp-json\/wp\/v2\/tags?post=30062"}],"curies":[{"name":"wp","href":"https:\/\/api.w.org\/{rel}","templated":true}]}}