{"id":12933,"date":"2019-06-17T13:39:37","date_gmt":"2019-06-17T11:39:37","guid":{"rendered":"https:\/\/www.justcolor.net\/ninos\/ninos\/?page_id=12933"},"modified":"2019-06-25T15:25:31","modified_gmt":"2019-06-25T13:25:31","slug":"anime-y-manga","status":"publish","type":"page","link":"https:\/\/www.justcolor.net\/ninos\/anime-y-manga\/","title":{"rendered":"Personajes de anime y manga"},"content":{"rendered":"<div class=\"gallery-grid\">\n    <div class=\"gallery-grid-item\">\n        <div class=\"ngg-album-link\">\n            <a class=\"gallery_link\" href=\"https:\/\/www.justcolor.net\/ninos\/anime-y-manga\/bakugan\/\" title=\"P\u00e1ginas de Bakugan para imprimir para ni\u00f1os\">\n                <img class=\"Thumb\"\n                     alt=\"P\u00e1ginas de Bakugan para imprimir para ni\u00f1os\"\n                     src=\"https:\/\/www.justcolor.net\/ninos\/wp-content\/uploads\/sites\/25\/nggallery\/bakugan\/cache\/dibujos-para-colorear-para-ninos-de-bakugan-62971.gif-nggid041999-ngg0dyn-182x136-00f0w010c011r110f110r010t010.gif\"\n                     loading=\"lazy\"\n                     width=\"250\"\n                     height=\"150\" \/>\n            <\/a>\n        <\/div>\n        <h2 class=\"gallery-grid-album-lig1\">\n            <a class=\"ngg-album-desc\"\n               title=\"P\u00e1ginas de Bakugan  para imprimir\"\n               href=\"https:\/\/www.justcolor.net\/ninos\/anime-y-manga\/bakugan\/\">\n                Bakugan            <\/a>\n        <\/h2>\n    <\/div>\n    <div class=\"gallery-grid-item\">\n        <div class=\"ngg-album-link\">\n            <a class=\"gallery_link\" href=\"https:\/\/www.justcolor.net\/ninos\/anime-y-manga\/el-ataque-de-los-titanes\/\" title=\"P\u00e1ginas de El ataque de los titanes para imprimir para ni\u00f1os\">\n                <img class=\"Thumb\"\n                     alt=\"P\u00e1ginas de El ataque de los titanes para imprimir para ni\u00f1os\"\n                     src=\"https:\/\/www.justcolor.net\/ninos\/wp-content\/uploads\/sites\/25\/nggallery\/el-ataque-de-los-titanes\/cache\/dibujos-para-colorear-para-ninos-de-el-ataque-de-los-titanes-94867.png-nggid047490-ngg0dyn-182x136-00f0w010c011r110f110r010t010.png\"\n                     loading=\"lazy\"\n                     width=\"250\"\n                     height=\"150\" \/>\n            <\/a>\n        <\/div>\n        <h2 class=\"gallery-grid-album-lig1\">\n            <a class=\"ngg-album-desc\"\n               title=\"P\u00e1ginas de El ataque de los titanes  para imprimir\"\n               href=\"https:\/\/www.justcolor.net\/ninos\/anime-y-manga\/el-ataque-de-los-titanes\/\">\n                El ataque de los titanes            <\/a>\n        <\/h2>\n    <\/div>\n    <div class=\"gallery-grid-item\">\n        <div class=\"ngg-album-link\">\n            <a class=\"gallery_link\" href=\"https:\/\/www.justcolor.net\/ninos\/anime-y-manga\/fairy-tail\/\" title=\"P\u00e1ginas de Fairy tail para imprimir para ni\u00f1os\">\n                <img class=\"Thumb\"\n                     alt=\"P\u00e1ginas de Fairy tail para imprimir para ni\u00f1os\"\n                     src=\"https:\/\/www.justcolor.net\/ninos\/wp-content\/uploads\/sites\/25\/nggallery\/fairy-tail\/cache\/dibujos-para-colorear-para-ninos-de-fairy-tail-4268.jpg-nggid047496-ngg0dyn-182x136-00f0w010c011r110f110r010t010.jpg\"\n                     loading=\"lazy\"\n                     width=\"250\"\n                     height=\"150\" \/>\n            <\/a>\n        <\/div>\n        <h2 class=\"gallery-grid-album-lig1\">\n            <a class=\"ngg-album-desc\"\n               title=\"P\u00e1ginas de Fairy tail  para imprimir\"\n               href=\"https:\/\/www.justcolor.net\/ninos\/anime-y-manga\/fairy-tail\/\">\n                Fairy tail            <\/a>\n        <\/h2>\n    <\/div>\n    <div class=\"gallery-grid-item\">\n        <div class=\"ngg-album-link\">\n            <a class=\"gallery_link\" href=\"https:\/\/www.justcolor.net\/ninos\/anime-y-manga\/full-metal-alchemist\/\" title=\"P\u00e1ginas de Full Metal Alchemist para imprimir para ni\u00f1os\">\n                <img class=\"Thumb\"\n                     alt=\"P\u00e1ginas de Full Metal Alchemist para imprimir para ni\u00f1os\"\n                     src=\"https:\/\/www.justcolor.net\/ninos\/wp-content\/uploads\/sites\/25\/nggallery\/full-metal-alchemist\/cache\/dibujos-para-colorear-para-ninos-de-full-metal-alchemist-57416.jpg-nggid047484-ngg0dyn-182x136-00f0w010c011r110f110r010t010.jpg\"\n                     loading=\"lazy\"\n                     width=\"250\"\n                     height=\"150\" \/>\n            <\/a>\n        <\/div>\n        <h2 class=\"gallery-grid-album-lig1\">\n            <a class=\"ngg-album-desc\"\n               title=\"P\u00e1ginas de Full Metal Alchemist  para imprimir\"\n               href=\"https:\/\/www.justcolor.net\/ninos\/anime-y-manga\/full-metal-alchemist\/\">\n                Full Metal Alchemist            <\/a>\n        <\/h2>\n    <\/div>\n    <div class=\"gallery-grid-item\">\n        <div class=\"ngg-album-link\">\n            <a class=\"gallery_link\" href=\"https:\/\/www.justcolor.net\/ninos\/anime-y-manga\/saint-seiya\/\" title=\"P\u00e1ginas de Los Caballeros del Zodiaco para imprimir para ni\u00f1os\">\n                <img class=\"Thumb\"\n                     alt=\"P\u00e1ginas de Los Caballeros del Zodiaco para imprimir para ni\u00f1os\"\n                     src=\"https:\/\/www.justcolor.net\/ninos\/wp-content\/uploads\/sites\/25\/nggallery\/saint-seiya\/cache\/coloring-saint-seiya-00008.jpg-nggid048806-ngg0dyn-182x136-00f0w010c011r110f110r010t010.jpg\"\n                     loading=\"lazy\"\n                     width=\"250\"\n                     height=\"150\" \/>\n            <\/a>\n        <\/div>\n        <h2 class=\"gallery-grid-album-lig1\">\n            <a class=\"ngg-album-desc\"\n               title=\"P\u00e1ginas de Los Caballeros del Zodiaco  para imprimir\"\n               href=\"https:\/\/www.justcolor.net\/ninos\/anime-y-manga\/saint-seiya\/\">\n                Los Caballeros del Zodiaco            <\/a>\n        <\/h2>\n    <\/div>\n    <div class=\"gallery-grid-item\">\n        <div class=\"ngg-album-link\">\n            <a class=\"gallery_link\" href=\"https:\/\/www.justcolor.net\/ninos\/anime-y-manga\/manga\/\" title=\"P\u00e1ginas de Manga para imprimir para ni\u00f1os\">\n                <img class=\"Thumb\"\n                     alt=\"P\u00e1ginas de Manga para imprimir para ni\u00f1os\"\n                     src=\"https:\/\/www.justcolor.net\/ninos\/wp-content\/uploads\/sites\/25\/nggallery\/manga\/cache\/dibujos-para-colorear-para-ninos-de-manga-2241.jpg-nggid045711-ngg0dyn-182x136-00f0w010c011r110f110r010t010.jpg\"\n                     loading=\"lazy\"\n                     width=\"250\"\n                     height=\"150\" \/>\n            <\/a>\n        <\/div>\n        <h2 class=\"gallery-grid-album-lig1\">\n            <a class=\"ngg-album-desc\"\n               title=\"P\u00e1ginas de Manga  para imprimir\"\n               href=\"https:\/\/www.justcolor.net\/ninos\/anime-y-manga\/manga\/\">\n                Manga            <\/a>\n        <\/h2>\n    <\/div>\n    <div class=\"gallery-grid-item\">\n        <div class=\"ngg-album-link\">\n            <a class=\"gallery_link\" href=\"https:\/\/www.justcolor.net\/ninos\/anime-y-manga\/my-hero-academy\/\" title=\"P\u00e1ginas de My Hero Academy para imprimir para ni\u00f1os\">\n                <img class=\"Thumb\"\n                     alt=\"P\u00e1ginas de My Hero Academy para imprimir para ni\u00f1os\"\n                     src=\"https:\/\/www.justcolor.net\/ninos\/wp-content\/uploads\/sites\/25\/nggallery\/my-hero-academy\/cache\/dibujos-para-colorear-para-ninos-my-hero-academy-31369.jpeg-nggid0510893-ngg0dyn-182x136-00f0w010c011r110f110r010t010.jpeg\"\n                     loading=\"lazy\"\n                     width=\"250\"\n                     height=\"150\" \/>\n            <\/a>\n        <\/div>\n        <h2 class=\"gallery-grid-album-lig1\">\n            <a class=\"ngg-album-desc\"\n               title=\"P\u00e1ginas de My Hero Academy  para imprimir\"\n               href=\"https:\/\/www.justcolor.net\/ninos\/anime-y-manga\/my-hero-academy\/\">\n                My Hero Academy            <\/a>\n        <\/h2>\n    <\/div>\n    <div class=\"gallery-grid-item\">\n        <div class=\"ngg-album-link\">\n            <a class=\"gallery_link\" href=\"https:\/\/www.justcolor.net\/ninos\/anime-y-manga\/pokemon\/\" title=\"P\u00e1ginas de Pokemon para imprimir para ni\u00f1os\">\n                <img class=\"Thumb\"\n                     alt=\"P\u00e1ginas de Pokemon para imprimir para ni\u00f1os\"\n                     src=\"https:\/\/www.justcolor.net\/ninos\/wp-content\/uploads\/sites\/25\/nggallery\/pokemon\/cache\/coloriage-pokemon-traits-epais.jpg-nggid045796-ngg0dyn-182x136-00f0w010c011r110f110r010t010.jpg\"\n                     loading=\"lazy\"\n                     width=\"250\"\n                     height=\"150\" \/>\n            <\/a>\n        <\/div>\n        <h2 class=\"gallery-grid-album-lig1\">\n            <a class=\"ngg-album-desc\"\n               title=\"P\u00e1ginas de Pokemon  para imprimir\"\n               href=\"https:\/\/www.justcolor.net\/ninos\/anime-y-manga\/pokemon\/\">\n                Pokemon            <\/a>\n        <\/h2>\n    <\/div>\n    <div class=\"gallery-grid-item\">\n        <div class=\"ngg-album-link\">\n            <a class=\"gallery_link\" href=\"https:\/\/www.justcolor.net\/ninos\/anime-y-manga\/studio-ghibli\/\" title=\"P\u00e1ginas de Studio Ghibli para imprimir para ni\u00f1os\">\n                <img class=\"Thumb\"\n                     alt=\"P\u00e1ginas de Studio Ghibli para imprimir para ni\u00f1os\"\n                     src=\"https:\/\/www.justcolor.net\/ninos\/wp-content\/uploads\/sites\/25\/nggallery\/studio-ghibli\/cache\/coloring-child-studio-ghibli-princess-mononoke.jpg-nggid048819-ngg0dyn-182x136-00f0w010c011r110f110r010t010.jpg\"\n                     loading=\"lazy\"\n                     width=\"250\"\n                     height=\"150\" \/>\n            <\/a>\n        <\/div>\n        <h2 class=\"gallery-grid-album-lig1\">\n            <a class=\"ngg-album-desc\"\n               title=\"P\u00e1ginas de Studio Ghibli  para imprimir\"\n               href=\"https:\/\/www.justcolor.net\/ninos\/anime-y-manga\/studio-ghibli\/\">\n                Studio Ghibli            <\/a>\n        <\/h2>\n    <\/div>\n<br class=\"ngg-clear\"\/>\n<div class='ngg-clear'><\/div><\/div>\n\n","protected":false},"excerpt":{"rendered":"<p>\u00a1Descubre nuestra colecci\u00f3n de <b>p\u00e1ginas para colorear imprimibles de anime y manga<\/b>! Desde series ic\u00f3nicas como <b>Dragon Ball<\/b>, <b>Naruto<\/b> y <b>One Piece<\/b> hasta la oscura intriga de <b>Death Note<\/b> y la \u00e9pica En las batallas de <b>Demon Slayer<\/b>, encontrar\u00e1s todos tus personajes favoritos listos para darles vida con tu creatividad.<\/p>\n<p>El manga, la singular forma de arte del c\u00f3mic japon\u00e9s, tiene una historia fascinante que se remonta a siglos atr\u00e1s, pero su forma moderna tom\u00f3 forma despu\u00e9s de la Segunda Guerra Mundial. Conocido por su estilo art\u00edstico distintivo, el manga a menudo presenta expresiones exageradas, trasfondos detallados y un fuerte \u00e9nfasis en la narraci\u00f3n. Cada p\u00e1gina est\u00e1 meticulosamente elaborada para guiar al lector a trav\u00e9s de una experiencia visual din\u00e1mica que transmite emociones y acci\u00f3n intensas.<\/p>\n<p>El anime, que hace referencia a las obras animadas japonesas, tambi\u00e9n se ha convertido en un fen\u00f3meno cultural a nivel mundial. Series ic\u00f3nicas como <b>Pok\u00e9mon<\/b> han capturado los corazones de ni\u00f1os y adultos, mientras que las pel\u00edculas bellamente elaboradas del <b>Studio Ghibli<\/b> han recibido elogios internacionales por su narraci\u00f3n y su impresionante animaci\u00f3n. Estas obras suelen adaptar historias de manga o introducir narrativas completamente nuevas, a\u00f1adiendo profundidad y movimiento a los queridos personajes.<\/p>\n<p>Ya sea que te gusten las aventuras sobrenaturales de <b>Fairy Tail<\/b>, las misiones alqu\u00edmicas de <b>Full Metal Alchemist<\/b> o los emocionantes duelos de <b>Yu-Gi-Oh!<\/b> , nuestra colecci\u00f3n de <b>hojas para colorear imprimibles<\/b> tiene algo para todos los entusiastas del manga y el anime.<br \/>\nExplora las heroicas batallas de <b>One Punch Man<\/b>, la emoci\u00f3n futbol\u00edstica de <b>Inazuma Eleven<\/b> o las misiones legendarias de los <b>Caballeros del Zod\u00edaco<\/b>.<\/p>\n","protected":false},"author":1,"featured_media":0,"parent":0,"menu_order":0,"comment_status":"closed","ping_status":"closed","template":"","meta":{"ngg_post_thumbnail":0,"footnotes":""},"tags":[3423],"class_list":{"0":"post-12933","1":"page","2":"type-page","3":"status-publish","5":"tag-supergallery"},"_links":{"self":[{"href":"https:\/\/www.justcolor.net\/ninos\/wp-json\/wp\/v2\/pages\/12933","targetHints":{"allow":["GET"]}}],"collection":[{"href":"https:\/\/www.justcolor.net\/ninos\/wp-json\/wp\/v2\/pages"}],"about":[{"href":"https:\/\/www.justcolor.net\/ninos\/wp-json\/wp\/v2\/types\/page"}],"author":[{"embeddable":true,"href":"https:\/\/www.justcolor.net\/ninos\/wp-json\/wp\/v2\/users\/1"}],"replies":[{"embeddable":true,"href":"https:\/\/www.justcolor.net\/ninos\/wp-json\/wp\/v2\/comments?post=12933"}],"version-history":[{"count":0,"href":"https:\/\/www.justcolor.net\/ninos\/wp-json\/wp\/v2\/pages\/12933\/revisions"}],"wp:attachment":[{"href":"https:\/\/www.justcolor.net\/ninos\/wp-json\/wp\/v2\/media?parent=12933"}],"wp:term":[{"taxonomy":"post_tag","embeddable":true,"href":"https:\/\/www.justcolor.net\/ninos\/wp-json\/wp\/v2\/tags?post=12933"}],"curies":[{"name":"wp","href":"https:\/\/api.w.org\/{rel}","templated":true}]}}