{"id":31753,"date":"2026-01-20T01:30:25","date_gmt":"2026-01-20T00:30:25","guid":{"rendered":"https:\/\/www.justcolor.net\/ninos\/?page_id=31753"},"modified":"2026-01-21T11:53:54","modified_gmt":"2026-01-21T10:53:54","slug":"k-culture","status":"publish","type":"page","link":"https:\/\/www.justcolor.net\/ninos\/k-culture\/","title":{"rendered":"K-Culture (Cultura coreana)"},"content":{"rendered":"\n<div class=\"gallery-grid\">\n    <div class=\"gallery-grid-item\">\n        <div class=\"ngg-album-link\">\n            <a class=\"gallery_link\" href=\"https:\/\/www.justcolor.net\/ninos\/k-culture\/demon-hunters-k-pop\/\" title=\"P\u00e1ginas de Demon Hunters K-Pop para imprimir para ni\u00f1os\">\n                <img class=\"Thumb\"\n                     alt=\"P\u00e1ginas de Demon Hunters K-Pop para imprimir para ni\u00f1os\"\n                     src=\"https:\/\/www.justcolor.net\/ninos\/wp-content\/uploads\/sites\/25\/nggallery\/demon-hunters-k-pop\/thumbs\/thumbs_dibujos-para-colorear-para-ninos-demon-hunters-k-pop-60584.jpg\"\n                     loading=\"lazy\"\n                     width=\"250\"\n                     height=\"150\" \/>\n            <\/a>\n        <\/div>\n        <h2 class=\"gallery-grid-album-lig1\">\n            <a class=\"ngg-album-desc\"\n               title=\"P\u00e1ginas de Demon Hunters K-Pop  para imprimir\"\n               href=\"https:\/\/www.justcolor.net\/ninos\/k-culture\/demon-hunters-k-pop\/\">\n                Demon Hunters K-Pop            <\/a>\n        <\/h2>\n    <\/div>\n    <div class=\"gallery-grid-item\">\n        <div class=\"ngg-album-link\">\n            <a class=\"gallery_link\" href=\"https:\/\/www.justcolor.net\/ninos\/k-culture\/hanbok\/\" title=\"P\u00e1ginas de Hanbok para imprimir para ni\u00f1os\">\n                <img class=\"Thumb\"\n                     alt=\"P\u00e1ginas de Hanbok para imprimir para ni\u00f1os\"\n                     src=\"https:\/\/www.justcolor.net\/ninos\/wp-content\/uploads\/sites\/25\/nggallery\/hanbok\/thumbs\/thumbs_dibujos-para-colorear-para-ninos-hanbok-94842.jpg\"\n                     loading=\"lazy\"\n                     width=\"250\"\n                     height=\"150\" \/>\n            <\/a>\n        <\/div>\n        <h2 class=\"gallery-grid-album-lig1\">\n            <a class=\"ngg-album-desc\"\n               title=\"P\u00e1ginas de Hanbok  para imprimir\"\n               href=\"https:\/\/www.justcolor.net\/ninos\/k-culture\/hanbok\/\">\n                Hanbok            <\/a>\n        <\/h2>\n    <\/div>\n    <div class=\"gallery-grid-item\">\n        <div class=\"ngg-album-link\">\n            <a class=\"gallery_link\" href=\"https:\/\/www.justcolor.net\/ninos\/k-culture\/festivals-and-traditions\/\" title=\"P\u00e1ginas de Festivales y tradiciones coreanas para imprimir para ni\u00f1os\">\n                <img class=\"Thumb\"\n                     alt=\"P\u00e1ginas de Festivales y tradiciones coreanas para imprimir para ni\u00f1os\"\n                     src=\"https:\/\/www.justcolor.net\/ninos\/wp-content\/uploads\/sites\/25\/nggallery\/festivals-traditions\/thumbs\/thumbs_dibujos-para-colorear-para-ninos-festivals-traditions-84373.jpg\"\n                     loading=\"lazy\"\n                     width=\"250\"\n                     height=\"150\" \/>\n            <\/a>\n        <\/div>\n        <h2 class=\"gallery-grid-album-lig1\">\n            <a class=\"ngg-album-desc\"\n               title=\"P\u00e1ginas de Festivales y tradiciones coreanas  para imprimir\"\n               href=\"https:\/\/www.justcolor.net\/ninos\/k-culture\/festivals-and-traditions\/\">\n                Festivales y tradiciones coreanas            <\/a>\n        <\/h2>\n    <\/div>\n    <div class=\"gallery-grid-item\">\n        <div class=\"ngg-album-link\">\n            <a class=\"gallery_link\" href=\"https:\/\/www.justcolor.net\/ninos\/k-culture\/seoul\/\" title=\"P\u00e1ginas de Seoul para imprimir para ni\u00f1os\">\n                <img class=\"Thumb\"\n                     alt=\"P\u00e1ginas de Seoul para imprimir para ni\u00f1os\"\n                     src=\"https:\/\/www.justcolor.net\/ninos\/wp-content\/uploads\/sites\/25\/nggallery\/seoul\/thumbs\/thumbs_dibujos-para-colorear-para-ninos-seoul-93149.jpg\"\n                     loading=\"lazy\"\n                     width=\"250\"\n                     height=\"150\" \/>\n            <\/a>\n        <\/div>\n        <h2 class=\"gallery-grid-album-lig1\">\n            <a class=\"ngg-album-desc\"\n               title=\"P\u00e1ginas de Seoul  para imprimir\"\n               href=\"https:\/\/www.justcolor.net\/ninos\/k-culture\/seoul\/\">\n                Seoul            <\/a>\n        <\/h2>\n    <\/div>\n    <div class=\"gallery-grid-item\">\n        <div class=\"ngg-album-link\">\n            <a class=\"gallery_link\" href=\"https:\/\/www.justcolor.net\/ninos\/k-culture\/korean-food-culture\/\" title=\"P\u00e1ginas de Korean food culture para imprimir para ni\u00f1os\">\n                <img class=\"Thumb\"\n                     alt=\"P\u00e1ginas de Korean food culture para imprimir para ni\u00f1os\"\n                     src=\"https:\/\/www.justcolor.net\/ninos\/wp-content\/uploads\/sites\/25\/nggallery\/korean-food-culture\/thumbs\/thumbs_dibujos-para-colorear-para-ninos-korean-food-culture-99960.jpg\"\n                     loading=\"lazy\"\n                     width=\"250\"\n                     height=\"150\" \/>\n            <\/a>\n        <\/div>\n        <h2 class=\"gallery-grid-album-lig1\">\n            <a class=\"ngg-album-desc\"\n               title=\"P\u00e1ginas de Korean food culture  para imprimir\"\n               href=\"https:\/\/www.justcolor.net\/ninos\/k-culture\/korean-food-culture\/\">\n                Korean food culture            <\/a>\n        <\/h2>\n    <\/div>\n    <div class=\"gallery-grid-item\">\n        <div class=\"ngg-album-link\">\n            <a class=\"gallery_link\" href=\"https:\/\/www.justcolor.net\/ninos\/k-culture\/korean-drama\/\" title=\"P\u00e1ginas de Korean drama para imprimir para ni\u00f1os\">\n                <img class=\"Thumb\"\n                     alt=\"P\u00e1ginas de Korean drama para imprimir para ni\u00f1os\"\n                     src=\"https:\/\/www.justcolor.net\/ninos\/wp-content\/uploads\/sites\/25\/nggallery\/korean-drama\/thumbs\/thumbs_dibujos-para-colorear-para-ninos-korean-drama-8096.jpg\"\n                     loading=\"lazy\"\n                     width=\"250\"\n                     height=\"150\" \/>\n            <\/a>\n        <\/div>\n        <h2 class=\"gallery-grid-album-lig1\">\n            <a class=\"ngg-album-desc\"\n               title=\"P\u00e1ginas de Korean drama  para imprimir\"\n               href=\"https:\/\/www.justcolor.net\/ninos\/k-culture\/korean-drama\/\">\n                Korean drama            <\/a>\n        <\/h2>\n    <\/div>\n    <div class=\"gallery-grid-item\">\n        <div class=\"ngg-album-link\">\n            <a class=\"gallery_link\" href=\"https:\/\/www.justcolor.net\/ninos\/k-culture\/k-pop\/\" title=\"P\u00e1ginas de K-pop para imprimir para ni\u00f1os\">\n                <img class=\"Thumb\"\n                     alt=\"P\u00e1ginas de K-pop para imprimir para ni\u00f1os\"\n                     src=\"https:\/\/www.justcolor.net\/ninos\/wp-content\/uploads\/sites\/25\/nggallery\/k-pop\/thumbs\/thumbs_dibujos-para-colorear-para-ninos-k-pop-64702.jpg\"\n                     loading=\"lazy\"\n                     width=\"250\"\n                     height=\"150\" \/>\n            <\/a>\n        <\/div>\n        <h2 class=\"gallery-grid-album-lig1\">\n            <a class=\"ngg-album-desc\"\n               title=\"P\u00e1ginas de K-pop  para imprimir\"\n               href=\"https:\/\/www.justcolor.net\/ninos\/k-culture\/k-pop\/\">\n                K-pop            <\/a>\n        <\/h2>\n    <\/div>\n<br class=\"ngg-clear\"\/>\n<div class='ngg-clear'><\/div><\/div>\n\n","protected":false},"excerpt":{"rendered":"<p>La categor\u00eda <strong>K-Culture (Cultura coreana)<\/strong> te sumerge en el coraz\u00f3n de la cultura coreana a trav\u00e9s de una variada colecci\u00f3n de dibujos para colorear que combinan <strong>modernidad<\/strong> y <strong>tradiciones<\/strong>. Explora el din\u00e1mico universo de los <strong>grupos de K-pop<\/strong>, la energ\u00eda visual de <strong>Se\u00fal<\/strong> inspirada en sus paisajes y su ambiente urbano, as\u00ed como creaciones originales como <strong>K-Pop Demon Hunter<\/strong>, en la intersecci\u00f3n de la cultura pop y la imaginaci\u00f3n.<\/p>\n<p>Esta galer\u00eda tambi\u00e9n pone en valor el patrimonio coreano con dibujos para colorear dedicados al <strong>hanbok<\/strong>, a los <strong>festivales y tradiciones coreanas<\/strong>, y a la <strong>gastronom\u00eda coreana<\/strong> a trav\u00e9s de la <strong>Korean Food Culture<\/strong>. Entre escenas tradicionales, platos emblem\u00e1ticos e influencias contempor\u00e1neas, la K-Culture ofrece una experiencia de coloreado rica, inmersiva y accesible para todos, desde ni\u00f1os hasta adultos en busca de relajaci\u00f3n y descubrimiento cultural.<\/p>\n","protected":false},"author":1,"featured_media":0,"parent":0,"menu_order":0,"comment_status":"closed","ping_status":"closed","template":"","meta":{"ngg_post_thumbnail":0,"footnotes":""},"tags":[3423],"class_list":{"0":"post-31753","1":"page","2":"type-page","3":"status-publish","5":"tag-supergallery"},"_links":{"self":[{"href":"https:\/\/www.justcolor.net\/ninos\/wp-json\/wp\/v2\/pages\/31753","targetHints":{"allow":["GET"]}}],"collection":[{"href":"https:\/\/www.justcolor.net\/ninos\/wp-json\/wp\/v2\/pages"}],"about":[{"href":"https:\/\/www.justcolor.net\/ninos\/wp-json\/wp\/v2\/types\/page"}],"author":[{"embeddable":true,"href":"https:\/\/www.justcolor.net\/ninos\/wp-json\/wp\/v2\/users\/1"}],"replies":[{"embeddable":true,"href":"https:\/\/www.justcolor.net\/ninos\/wp-json\/wp\/v2\/comments?post=31753"}],"version-history":[{"count":10,"href":"https:\/\/www.justcolor.net\/ninos\/wp-json\/wp\/v2\/pages\/31753\/revisions"}],"predecessor-version":[{"id":31792,"href":"https:\/\/www.justcolor.net\/ninos\/wp-json\/wp\/v2\/pages\/31753\/revisions\/31792"}],"wp:attachment":[{"href":"https:\/\/www.justcolor.net\/ninos\/wp-json\/wp\/v2\/media?parent=31753"}],"wp:term":[{"taxonomy":"post_tag","embeddable":true,"href":"https:\/\/www.justcolor.net\/ninos\/wp-json\/wp\/v2\/tags?post=31753"}],"curies":[{"name":"wp","href":"https:\/\/api.w.org\/{rel}","templated":true}]}}